?
False
Is (-424)/4876 - (-16)/46*6 - -474291 composite?
True
Suppose 2*v - 140 = 4*b, -5*v + 416 - 106 = -2*b. Is (v/70)/((-9)/(-2667)) a composite number?
True
Suppose 2*j - 4*v = -9*v + 27, -27 = -5*j + v. Suppose 6*b - 78 + j = 0. Let m(g) = 4*g**2 + 13*g - 13. Is m(b) a prime number?
True
Let a = -27639 - -61836. Is a composite?
True
Suppose 4*t = -3*i + 8, -15 = -3*t + 5*i - 9. Suppose 689 - 141 = 4*p. Suppose -p = -f - 3*d, 2*d - 286 = -t*f - d. Is f a prime number?
True
Let i be (-2)/4 - (-770)/28. Suppose 6*a - i = -3*a. Suppose 3*o + 3*k - 1287 = 0, a*k + k = 4*o - 1700. Is o a prime number?
False
Let d(o) = -143*o - 98. Suppose 167 = -12*n - 37. Is d(n) composite?
False
Let d be 5/(-25) - (-72)/(-15). Let k be d - -1 - (-4 + -5). Suppose -4*g = 3*t - 885, k*t - 2*g - g - 1504 = 0. Is t prime?
False
Let m = 360 + -355. Suppose -10911 = -5*k + 4*i, m*k - 5*i - 2878 - 8037 = 0. Is k a prime number?
True
Suppose -12*i = -16*i + 73800. Suppose -2490 = 4*o - 2*q - i, -15966 = -4*o + 5*q. Is o a prime number?
True
Let j(u) = 3*u - 31. Let v be j(12). Suppose 0 = -2*x - 4*a + 14110, 3*a = 2*x + v*a - 14100. Is x prime?
False
Suppose 23*k = 1318670 + 108963. Is k prime?
True
Suppose 3*v - 2*i = 17612 + 5249, -2*i - 38095 = -5*v. Let s = v + -3958. Is s a prime number?
True
Is (945/126)/(9/945426) composite?
True
Suppose 6*o + 31 - 79 = 0. Suppose 3*h - 20 = -5*b, h + 0*b - 2*b + o = 0. Suppose -3*i + 7567 = -y + 6*y, -3*y + 3*i + 4521 = h. Is y composite?
False
Suppose 4592368 = 53*n + 112*n + 11*n. Is n prime?
False
Suppose -2 = -0*c - 2*c, 5*c - 21 = 2*a. Let d be 4 - (-1632)/(a - -5). Let s = 134 - d. Is s composite?
True
Suppose 2*r + 33 - 57 = 0. Suppose -r*l + 2598 - 522 = 0. Let b = l + -58. Is b a composite number?
True
Let p(y) = 557*y**2 - y + 1. Let f(s) = -s + 4. Let q be f(3). Let z be 45/75 + (q - 6/10). Is p(z) a composite number?
False
Let r be (-8)/(772/(-384) + 2). Suppose r + 1450 = -2*g. Is 3 + 1*(-3 - g/1) prime?
True
Let u = 274 + -184. Let b = u - 100. Is (35/b)/(-7)*2234 prime?
True
Let x be 334/22 + (-20)/110. Suppose x*p + 7452 = 54897. Is p a prime number?
True
Suppose -o - 4 = 0, 0 = 5*p - p - 5*o - 28. Suppose p*w - 36 = l, 2*w - 2*l = -w + 56. Suppose w = -4*a + 824. Is a a prime number?
False
Let p(j) = -5*j**3 - j**2 - 4*j - 100. Let v(a) = -9*a**3 - 3*a**2 - 8*a - 201. Let w(n) = -5*p(n) + 3*v(n). Is w(-11) a prime number?
False
Let x(n) = 65*n - 66*n - 3 + 3. Let l be x(0). Is 1 + 1 - 2 - l - -529 prime?
False
Let v(a) = 13223*a**2 - 76*a + 215. Is v(3) composite?
True
Is 32800/(-320)*(1 - (-2301)/(-5)) + -3 prime?
False
Let r be (3 - 4)/(2/(-4)). Suppose -r*a = -5*a + 9. Suppose a*b - 5*b + 586 = 0. Is b a composite number?
False
Let m(a) = 17104*a**2 - 13*a + 13. Let x be m(1). Suppose 0*p + x = 5*l + p, 6843 = 2*l - p. Is l composite?
True
Let d = 92857 + 75736. Is d prime?
False
Suppose 12*u = 7*u + 4*w + 35319, 3*u + 5*w = 21184. Is u a prime number?
False
Suppose -r + 3 = 0, -129079 = -2*p - r + 6*r. Is p composite?
True
Let z = 25316 - 16903. Is z a prime number?
False
Suppose -r + 27*m + 53765 = 31*m, 5*m + 15 = 0. Is r a composite number?
False
Suppose -2*v - 288 = -8*v. Is (-8)/(v/5) + (-29171)/(-6) composite?
False
Let n = -49 - -53. Suppose -4*i = -2*o - 2*o - 24, 26 = 5*i - 4*o. Suppose n*m + 3*d - 160 = 0, -43 = 4*m - i*d - 183. Is m prime?
True
Let v(a) = -733*a - 1114. Is v(-25) a composite number?
True
Suppose -2*f = -g - 5810, -f + 2903 = -0*f - g. Let j = 10844 + f. Is j a prime number?
True
Suppose 0 = 3*z - 2*z + 3*h - 1925, -4*z = 3*h - 7745. Let y = z + -669. Is y a prime number?
False
Let w(d) = 209*d + 7. Let k(p) = 2*p - 20. Let m be k(12). Let b be w(m). Suppose -b - 410 = -5*t + 2*l, -1007 = -4*t - 3*l. Is t a prime number?
True
Suppose -4*t = -6*t + 4. Suppose q = -t*q - 129504. Is (4/14 - q/28) + 1 prime?
True
Let o = -463879 - -813674. Is o a composite number?
True
Suppose -5*f - o + 7427 = 0, 3*f - 4449 = 4*o - o. Let r(y) = -2836*y - 2446*y + f*y - 3 - 1. Is r(-1) a prime number?
True
Let p(o) = -o**3 + 12*o**2 - 9*o - 20. Let i be p(11). Suppose 5*y + 3*k + 5265 = 2*k, -3*y + i*k - 3159 = 0. Let a = 620 - y. Is a composite?
True
Let c = -19909 + 29265. Let u be c/12 + 4/12. Suppose -3*s = -2*t + u + 646, -5*t - 2*s = -3527. Is t a composite number?
True
Suppose -14 = -4*m - 2. Suppose 2*h = -2*v + 5556, 0 = -4*h + m*v + 7775 + 3330. Is h prime?
True
Let s(k) = -k**3 - 14*k**2 - 11*k + 16. Let o be s(-12). Let b be (0 - 159)*o/42. Suppose -5*q + 1365 + b = 0. Is q a prime number?
True
Suppose 0*l - 466 = -2*l + 2*s, l + s - 233 = 0. Suppose 0 = -4*j - 3*q - 19525, -4*j + 5*q + l - 19766 = 0. Is j/(-12) + (44/(-24))/(-11) prime?
False
Let y be (-16)/(-28) - 511/(-49). Let j be (-2)/(-11) - (-31)/y. Suppose -o + 3*h - 2116 = -j*o, h + 1053 = o. Is o a prime number?
False
Suppose -7*n + 616 = 15*n. Suppose -n*p - 164629 = -533165. Is p a composite number?
True
Let h(w) = w**2 - 48*w + 180. Let r be h(44). Suppose -3*y + 16123 = r*o, 0 = -6*y + 11*y - o - 26910. Is y composite?
False
Suppose 6*v = -6104 + 1058. Let o = -264 + -66. Let g = o - v. Is g composite?
True
Let a(r) = 17 + 6*r - 4*r + 6*r. Let h = -1092 - -1102. Is a(h) prime?
True
Let g(s) = s**3 - 4*s**2 - 18*s - 21. Let t be g(7). Suppose z = -0*z + 2*o + 1253, z + o - 1244 = t. Is z a composite number?
True
Suppose 3*g - 5773 = -h - 379, 0 = 4*h + 4*g - 21600. Let n = h - 3586. Is n prime?
False
Let x(b) = 326*b**2 + 496*b - 6584. Is x(13) a composite number?
True
Let v(s) = -s**3 - s**2 - 2*s + 3. Let q be v(0). Suppose 0*j = 4*o + 3*j, -q*j = 0. Let f = o + 11. Is f prime?
True
Suppose 14629 = 3*y + 4*f + 2076, -3*y - 3*f + 12558 = 0. Let a = -2 - -4. Suppose 0 = -a*u + y + 1791. Is u a composite number?
True
Suppose -21*i - 444*i + 8*i = -321036559. Is i composite?
True
Let g be ((-18450)/36)/((-1)/2). Suppose -g = -t - 118. Is t a prime number?
True
Suppose 2*q = 138 - 318. Let r be q/(-36) + 3/2. Suppose -j - 16 = -5*j, -3437 = -3*x + r*j. Is x prime?
True
Suppose 0 = 67*o - 68*o - 2*v + 73813, 221439 = 3*o - 4*v. Is o a composite number?
True
Let i = -506 + 507. Is ((-4822)/i)/(-2*(-3)/(-15)) composite?
True
Suppose 3*i - 797103 = 3*g, 37*i + 2*g = 33*i + 1062816. Is i a composite number?
False
Let t(y) = -y - 12. Let x be t(-14). Suppose x*s - 48 = -4*o, -3*o - 2*o - 122 = -4*s. Is (-91)/s - 6/8 - -237 composite?
False
Let f = 11 - -198. Let k = f + 2804. Is k prime?
False
Suppose 0 = z - 5*a + 9, -3 = -5*z + 2*a - a. Is -2 + (z + 436 - 3) + -1 composite?
False
Let l = 49255 - 29587. Let y = l - 3335. Is y prime?
True
Let s = -27536 - -54285. Is s composite?
True
Let k be (-14 - -10)*2/(-4). Suppose -2*l + 25316 = 3*l - k*m, 3*m = -9. Is l prime?
False
Is 140530 + 2/(-8) + 297/(-44) + 10 prime?
True
Suppose -3*h - 5*o - 1959 = 0, -5*o - 934 = 4*h + 1683. Suppose -5*i + 0*i - 4275 = 4*x, x + 1059 = 2*i. Let z = h - x. Is z composite?
True
Let u(y) = 15080*y**3 - 2*y**2 + 11*y - 10. Suppose 0 = 2*k + 3*z - 8, 16*z + 8 = 20*z. Is u(k) a prime number?
False
Let q(z) = 2*z + 701. Let o(g) = -g**2 - 13*g + 68. Let p be o(-17). Is q(p) a composite number?
False
Let v(u) = u**2 + 24*u - 76. Let b be v(3). Suppose 4*s - 6331 = -b*y, 2*y + 0*y - 2530 = -4*s. Is y a composite number?
True
Let k(r) = 0 - 10 + 19 + 4772*r. Is k(1) prime?
False
Let w = -659 - -724. Suppose 0*u - 44 = -4*z + 3*u, 0 = -2*z - 2*u + 36. Let f = z + w. Is f prime?
True
Let r(q) = -6*q**3 - 7*q**2 + q - 15. Suppose 3 = -2*v + 3*v, u - 19 = -5*v. Suppose -s = s + u*a + 2, 3*s - 4*a + 33 = 0. Is r(s) a prime number?
True
Suppose 34 = 2*w + 2*t, -3*w - 5*t = -50 - 9. Suppose -8*d + w*d + 6620 = 0. Let r = -767 - d. Is r a composite number?
False
Let x(a) = a**2 - 12*a - 75. Let q be x(17). Let j(m) = 283*m - 11. Is j(q) a prime number?
True
Is (-1 - (-22)/8) + (-103098)/(-8) composite?
False
Suppose -6 = 2*p + p, -5*l = 3*p - 294. Is 3*1265735/l - 3/(-12) composite?
True
Let v be (2/6)/((-3)/58689) + -1. Is (v + -6)/(-4) - -5 prime?
True
Let n be (-2 + 0 + 3)/(-1)*5. Let k be (-326)/n + (-112)/(-140). Let s = 27 + k. Is s a prime number?
False
Let g(w) = 4 - 2*w + 11*w**3 - 5*w**2 + 3*w - 12*w**3. Let n be g(-5). Is (-1)/n*(-1 - -552) a composi